2*k + 5*h = 29. What is the remainder when 21 is divided by k?
4
Let m = -109 - -275. Calculate the remainder when m is divided by 59.
48
Let l = -499 - -1081. Calculate the remainder when l is divided by 15.
12
Suppose 40*j - 42*j - 46 = -2*t, -2*t = 4*j - 34. Calculate the remainder when (1 - 0) + 59 + 0 is divided by t.
18
Calculate the remainder when 279 is divided by 2134/110 + (-9)/(-15).
19
Let v(f) = -f**2 - 23*f - 6. Calculate the remainder when 30 is divided by v(-22).
14
Calculate the remainder when 185 is divided by 1/4 - (-90)/24.
1
Let o(f) = -15*f**3 - f**2 + 1. Let n be o(-1). Let k = n + -3. Calculate the remainder when k is divided by 3.
0
Suppose 2*a = -4*d + 27 + 35, -4*d + 4*a = -80. What is the remainder when d is divided by 7?
3
Suppose -4*d = -2*v + 220, -2*v = 5*d - 232 + 48. What is the remainder when v is divided by 13?
11
Suppose -20 = 5*l, -2*c - l = c + 172. Let j = -38 - c. Suppose -r + 6 = -24. Calculate the remainder when r is divided by j.
12
Suppose -3*d = 156 - 27. Let z = 0 - d. What is the remainder when z is divided by (-31 - 2)*2/(-6)?
10
Let r(f) = 2*f**3 + 5*f**2 - f + 2. Let z be r(-3). Let w be 10*(-1)/(-2)*-1. Let a = z - w. Calculate the remainder when 1 is divided by a.
0
Suppose 0 = 10*g + 44 - 394. Calculate the remainder when g is divided by 14.
7
Let f(h) = -8*h - 1. Suppose 4*m - 204 = m. Calculate the remainder when f(-5) is divided by 3 - 0 - m/(-4).
19
Suppose z = -4*p + 2*z - 64, -p = 5*z + 16. Let h = p + 21. Suppose h*f + 85 = 5*q, 5*q - 85 = f - 6*f. Calculate the remainder when q is divided by 5.
2
Suppose -51*f + 54*f = 498. Calculate the remainder when f is divided by 2/((-4)/56*-1).
26
Let a(g) = 2*g**3 + 21*g**2 + 5*g - 16. Calculate the remainder when 169 is divided by a(-10).
33
Suppose -4*w - 14 = -2*y, 3 = -3*w - 0. Suppose y*g = 7*g. Suppose -2*b - 8 = g, 4*v + 1 - 69 = 4*b. What is the remainder when 49 is divided by v?
10
Suppose -6*l + 2*l = -4*f + 4, -5*f - 5*l = 35. Calculate the remainder when 59 is divided by f + 6 + 3 + 25.
28
Let n(c) = c**3 - 7*c**2 - 9*c + 11. Let h be n(8). Suppose h*z + 3 = 4*z + 2*g, -2*z = 2*g - 16. What is the remainder when 87 is divided by z?
9
Let t be 6/(-8)*-10*(-216)/(-270). Suppose 8*b - 102 = t*b. What is the remainder when b is divided by 13?
12
Suppose 10*o - 559 = -189. Suppose -h + 3*v + 162 = 0, -5*h + 5*v = -107 - 653. Calculate the remainder when h is divided by o.
36
Let j(y) = y**2 - 22*y + 103. What is the remainder when j(21) is divided by 27?
1
Let f(h) = h**2 - 2*h + 3. Let w be f(6). Let o be 2/(((-16)/(-6))/4). Suppose 6 - w = -o*k. What is the remainder when k is divided by 5?
2
Let m be (0 - 0) + 2 - 1. Suppose -3*f - 2*h = -16, -2*f - f + 28 = -h. Calculate the remainder when f is divided by 5*6*m/10.
2
Suppose 3*c + 3*d = 264, -3*d + 61 + 27 = c. Let t = c - 48. Calculate the remainder when t is divided by 11.
7
Let d be 2/(-6) + 80/24. Suppose -5*y = -d - 12. Suppose y*z + z - 88 = 0. What is the remainder when 64 is divided by z?
20
Suppose 3*n + 7 - 1 = 0. Let a = n + 13. Calculate the remainder when 21 is divided by a.
10
Let i = 1 + 5. Calculate the remainder when -55*(30/(-75))/(1*2) is divided by i.
5
Suppose 12 = 5*i + s, -4*i - 6*s + s = 3. Let v = -3 - i. Let k = 13 + v. What is the remainder when 26 is divided by k?
5
What is the remainder when 63 is divided by (4 - -1)*(-4 - 47/(-5))?
9
Let w(u) = u - 4. Calculate the remainder when 164 is divided by w(15).
10
Let q(p) = p + 30. Let j be q(-12). Let y = -10 + j. What is the remainder when 14 is divided by y?
6
Let y be -1*-2*(2 - -3). Let w be (y/3)/((-1)/3). Let z = w + 12. Calculate the remainder when 7 is divided by z.
1
Let x(t) = 2*t - 14. Let d be x(16). Calculate the remainder when 0 - ((-3)/(-2) + (-2889)/d) is divided by 33.
27
Let j(r) = -r**2 - 74*r + 573. Calculate the remainder when 689 is divided by j(7).
5
What is the remainder when 40*1 - (-2 + 1) is divided by 21*8/12*(-9)/(-6)?
20
Let h = 35 + -21. Suppose h*x = 13*x + 13. What is the remainder when x is divided by 5?
3
Let h(b) = 10*b**3 - 1. Let f be h(1). Calculate the remainder when 10 is divided by (18/(-4))/f + (-38)/(-4).
1
Let n = 239 + -144. What is the remainder when n is divided by 25?
20
Suppose 0 = -9*z + 12*z - 48. What is the remainder when 33 is divided by 7/(-56) - (-146)/z?
6
Suppose -y = 3, -3*y + 423 = -4*t - 0*t. Let d be t/(-8)*4/3. Suppose 54 = 3*v + d. What is the remainder when 23 is divided by v?
11
Let p(d) = -261*d - 229. What is the remainder when p(-3) is divided by 18?
14
Let p(i) = 9*i - 23. Let j be (-17)/136 - 226/(-16). Calculate the remainder when p(j) is divided by 35.
33
Let w = -4 - -18. Suppose 30*y - 163 = 437. What is the remainder when y is divided by w?
6
Let i = 98 - 16. What is the remainder when i is divided by (46/5)/(9*(-14)/(-315))?
13
Suppose 4*m + 4*b + 86 = 270, 0 = -4*m + b + 164. Suppose m = 9*x - 3*x. Calculate the remainder when (-36)/1*3/(-4) is divided by x.
6
Let j be ((-444)/(-4))/3*1. Suppose 4*s - 9 = 3*k - j, -3*s = 4*k - 4. Suppose q - 5 = k. Calculate the remainder when 33 is divided by q.
6
Suppose 3*u - 32 = -4*p + 9, 65 = 5*u + 5*p. Calculate the remainder when 251 is divided by u.
9
Let m be -9 + -2*3/(-6). Let y = 20 + m. Let r(b) = 7*b**2 + 3*b - 2. Calculate the remainder when r(-2) is divided by y.
8
Suppose -2*x + 96 = -4*b - 42, 2*x = -5*b + 165. Suppose -14*c + 15*c - 18 = 0. Suppose -c*t = -165 - 195. Calculate the remainder when x is divided by t.
15
What is the remainder when 25 is divided by -21*2/18*2*-3?
11
Let i(n) = -n**2 + 2*n + 5. Suppose m + 2 = 10. What is the remainder when m is divided by i(3)?
0
Let s = -97 - -120. What is the remainder when 68 is divided by s?
22
Suppose -4*j - 4*i = -6808, 64*j - 59*j + 3*i = 8504. Calculate the remainder when j is divided by 100.
99
Suppose 0 = -14*f + 897 + 69. Calculate the remainder when 207 is divided by f.
0
Suppose 0 = -4*a - 4*f + 1588, -1235 - 328 = -4*a + f. What is the remainder when a is divided by 44?
40
Suppose -2*f - 288 = -5*u + u, 2*u = 4*f + 156. What is the remainder when u is divided by 111*2/(-18)*-3?
33
Calculate the remainder when 12 is divided by (-25)/9 - 8/36 - -14.
1
Let x(q) = -8*q + 421. Suppose -9 = -2*a - c + 61, -5*a = -3*c - 186. Calculate the remainder when x(44) is divided by a.
33
Let t(n) = 4*n + 33. Let y be t(-7). Let b(z) = -z**2 + 5*z + 8. What is the remainder when 27 is divided by b(y)?
3
Let o = 45 + 85. Let m = o + -118. Calculate the remainder when 464/10 - (-4)/(-10) is divided by m.
10
Let f be (9 + -13)*(-9)/4. Let w(i) = i**2 - 6*i + 7. What is the remainder when 0 + 3 - (f - 17) is divided by w(6)?
4
Let k = 20 + 7. Suppose 22*l + 540 = k*l. What is the remainder when l is divided by 22?
20
Let h(a) = 3*a - 9. Let z = -12 - -16. Let w be h(z). Suppose 0 = 3*i + w - 45. Calculate the remainder when 41 is divided by i.
13
Suppose 4*x + 380 = 680. Calculate the remainder when 292 is divided by x.
67
Let r = -26 - -45. Let x be (6/(-9))/((-6)/36). Let w(k) = 9*k + 1. What is the remainder when w(x) is divided by r?
18
Suppose -2*l = -3*l - 3*v + 45, -4*v + 203 = 5*l. Calculate the remainder when 465 is divided by l.
36
What is the remainder when 110 is divided by 8/4*(-22 + 23)?
0
Suppose 0*m = -5*m + 55. Let c(s) = m*s - 1 + 1 - 1. Calculate the remainder when 28 is divided by c(1).
8
Suppose -h + 2 = -5. Let r be (0 - 1)*(-5 + h). What is the remainder when (-420)/18*3/r is divided by 9?
8
Calculate the remainder when 1424/9 - 14/63 is divided by 27.
23
Let j be (-1)/(4/(-32)) - 3. Suppose 0 = j*g - 10*g - 20, 0 = 4*o - 3*g - 60. What is the remainder when 23 is divided by o?
11
Let r = 6 - 4. What is the remainder when 1*6*(-9)/(-54) is divided by 14/18 + r/9?
0
Let p be (40/36)/(-5) - (-896)/(-18). Let h = 80 + p. What is the remainder when h is divided by 8?
6
Let n = -13 - -15. Suppose 19 = -n*o + 45. Calculate the remainder when 27 is divided by (-3 - (1 - 5)) + o.
13
Suppose -5*w + 686 = 3*p, 736 = -16*p + 19*p - 5*w. What is the remainder when p is divided by 34?
33
Let i = 23 - 12. Let l(s) = -100*s + 17 + 3 + 102*s. What is the remainder when l(i) is divided by 15?
12
Let d = -32 - -54. What is the r